{"id":6183,"date":"2019-01-26T13:38:47","date_gmt":"2019-01-26T12:38:47","guid":{"rendered":"https:\/\/www.galerie-braunbehrens.de\/wp-content\/uploads\/2019\/01\/Gallerie-Molline-startet-mit-Gr\u00fc\u00dfen-aus-der-Zukunft-Stuttgarter-Zeitung-2.5.2014.pdf"},"modified":"2019-01-26T13:38:47","modified_gmt":"2019-01-26T12:38:47","slug":"gallerie-molline-startet-mit-gruessen-aus-der-zukunft-stuttgarter-zeitung-2-5-2014-2","status":"inherit","type":"attachment","link":"https:\/\/www.galerie-braunbehrens.de\/en\/presseecho\/attachment\/gallerie-molline-startet-mit-gruessen-aus-der-zukunft-stuttgarter-zeitung-2-5-2014-2\/","title":{"rendered":"Gallerie Molline startet mit Gr\u00fc\u00dfen aus der Zukunft (Stuttgarter Zeitung, 2.5.2014)"},"author":14,"comment_status":"open","ping_status":"closed","template":"","meta":[],"aioseo_notices":[],"description":{"rendered":"<p class=\"attachment\"><a href='https:\/\/www.galerie-braunbehrens.de\/wp-content\/uploads\/2019\/01\/Gallerie-Molline-startet-mit-Gr\u00fc\u00dfen-aus-der-Zukunft-Stuttgarter-Zeitung-2.5.2014.pdf'>Gallerie Molline startet mit Gr\u00fc\u00dfen aus der Zukunft (Stuttgarter Zeitung, 2.5.2014)<\/a><\/p>\n"},"caption":{"rendered":"<p>Gallerie Molline startet mit Gr\u00fc\u00dfen aus der Zukunft (Stuttgarter Zeitung, 2.5.2014)<\/p>\n"},"alt_text":"","media_type":"file","mime_type":"application\/pdf","media_details":{},"post":6114,"source_url":"https:\/\/www.galerie-braunbehrens.de\/wp-content\/uploads\/2019\/01\/Gallerie-Molline-startet-mit-Gr\u00fc\u00dfen-aus-der-Zukunft-Stuttgarter-Zeitung-2.5.2014.pdf","_links":{"self":[{"href":"https:\/\/www.galerie-braunbehrens.de\/en\/wp-json\/wp\/v2\/media\/6183"}],"collection":[{"href":"https:\/\/www.galerie-braunbehrens.de\/en\/wp-json\/wp\/v2\/media"}],"about":[{"href":"https:\/\/www.galerie-braunbehrens.de\/en\/wp-json\/wp\/v2\/types\/attachment"}],"author":[{"embeddable":true,"href":"https:\/\/www.galerie-braunbehrens.de\/en\/wp-json\/wp\/v2\/users\/14"}]}}

https://www.galerie-braunbehrens.de/wp-content/uploads/2019/01/Gallerie-Molline-startet-mit-Grüßen-aus-der-Zukunft-Stuttgarter-Zeitung-2.5.2014.pdf

Gallerie Molline startet mit Grüßen aus der Zukunft (Stuttgarter Zeitung, 2.5.2014)

<p class="attachment"><a href='https://www.galerie-braunbehrens.de/wp-content/uploads/2019/01/Gallerie-Molline-startet-mit-Grüßen-aus-der-Zukunft-Stuttgarter-Zeitung-2.5.2014.pdf'>Gallerie Molline startet mit Grüßen aus der Zukunft (Stuttgarter Zeitung, 2.5.2014)</a></p>

<p>Gallerie Molline startet mit Grüßen aus der Zukunft (Stuttgarter Zeitung, 2.5.2014)</p>
